- 551. Let l = 666 + p. What are the prime factors of l?
241
Let j be (64/4 - -4) + 0/2. Suppose -832 = -j*h + 16*h. List the prime factors of h.
2, 13
Suppose -5*l + 5*m + 54726 = -16659, -4*l + 57068 = 4*m. Suppose 71*b - 79*b + l = 0. What are the prime factors of b?
2, 223
Let o be -1 + -715 - 300/(-60). Let y = o + 1305. What are the prime factors of y?
2, 3, 11
Suppose 2*b + 3*b = 4*l - 13, -4*b - 14 = -5*l. Let t(n) = -11*n + 3*n + 1 - 10*n + 0. What are the prime factors of t(b)?
19
Let q(u) be the second derivative of -115*u**3/6 - 3*u**2/2 + 471*u. Let w = 4 - 5. What are the prime factors of q(w)?
2, 7
Suppose -16*s = -8*s - 2240. What are the prime factors of s?
2, 5, 7
Let a(o) be the third derivative of o**6/40 - 5*o**3/6 + 2*o**2. Suppose -2*h = -3*b - b + 14, -2*h = -3*b + 12. List the prime factors of a(b).
19
Suppose 0 = -2*o - 6, 4*o + 16134 = 15*j - 12*j. List the prime factors of j.
2, 2687
Suppose -8*l = l - l. Suppose l = 17*x + 7*x - 31872. What are the prime factors of x?
2, 83
List the prime factors of (-3123968)/(-640) + 2/(-10).
3, 1627
Let s(h) = 9*h**2 - 163*h - 1198. List the prime factors of s(56).
2, 3, 19, 157
Suppose -4 = -14*y + 12*y. Let n(c) = y*c + 7 + 1 - 10 + 148*c**3. What are the prime factors of n(1)?
2, 37
Let s(i) = 8 + 3 + 3*i + 2 + 0*i. Let a = 41 + -44. List the prime factors of s(a).
2
Suppose -112*a + 2607294 + 1207538 = 0. List the prime factors of a.
34061
Suppose -4*j - 1 - 3 = 0. Let k(y) be the first derivative of -112*y**2 + 652. What are the prime factors of k(j)?
2, 7
What are the prime factors of ((-15)/3 - -63812) + (-60)/(-60)?
2, 997
Let c(j) = 4*j**3 - 15*j**2 + 7*j - 21. Let m(r) = r**3 - r + 1. Let n(k) = c(k) - 5*m(k). List the prime factors of n(-16).
2, 19
Let z be 8 - (15 - 7) - (-27 - 1). Suppose -4*x + 8 + z = 0. Let v = x - -36. What are the prime factors of v?
3, 5
Suppose -4*z + 8 = 0, -721 = -3*g - 35*z + 30*z. List the prime factors of g.
3, 79
Let a(t) = -4*t**3 - 12*t**2 - 30*t - 125. List the prime factors of a(-6).
487
Suppose -4*o - 88*l = -91*l - 26563, -2*l + 13264 = 2*o. List the prime factors of o.
6637
What are the prime factors of ((-156)/15)/(7/(-19250))?
2, 5, 11, 13
Let x(o) = -389*o - 1. Let c be x(-5). Suppose -5*f + 5*l + 1525 = 0, -2*l - 426 = 5*f - c. What are the prime factors of f?
2, 19
Let w = 71 - 50. Let n(j) = -3991*j + 3995*j + 7 + 0. List the prime factors of n(w).
7, 13
Let x(a) = 25*a**2 + 9*a - 52. Suppose -77 = -24*r + 43. What are the prime factors of x(r)?
2, 3, 103
Let c(j) = j**2 - 4*j + 3586. List the prime factors of c(0).
2, 11, 163
Suppose l - 25106 = -4*d - 4545, -5*l + 3*d = -102759. List the prime factors of l.
3, 13, 17, 31
Let k = 971 - 198. Suppose k = 2*m - 5*a - 9, 5*a - 762 = -2*m. List the prime factors of m.
2, 193
Let f be (100/(-70))/((-2)/7). Let l = 0 + -9. List the prime factors of ((-3)/f)/(l/765).
3, 17
Suppose 0 = -6*g + g - 20. Let b be (-6 + 9)*(1 - g/6). Suppose 5*l = -20, -b*v + 698 = -l + 4*l. What are the prime factors of v?
2, 71
Suppose -131022 + 1129 = -4*g + 3*c, -g + 5*c = -32469. What are the prime factors of g?
2, 13, 1249
Suppose 17*q = 11*q + 54. Let g be (12/q)/((-4)/(-18)). Suppose 4*u = g*u - 124. What are the prime factors of u?
2, 31
Let b = -1769 + 1877. What are the prime factors of b?
2, 3
Suppose -11*l = -0*l - 99. List the prime factors of (-636)/(-15) - l - 2/5.
3, 11
Let z(b) = 22 - 413*b**3 + 412*b**3 - 9*b**2 - 5*b - 4*b. Suppose -5*w = -3*c + 60, -4*w + c - 50 = w. List the prime factors of z(w).
103
Suppose -55*s = -61*s + 89688. List the prime factors of s.
2, 37, 101
Let u(w) = -32*w + 686. Suppose 7*k = 8*k. What are the prime factors of u(k)?
2, 7
Let s(y) = 3*y**2 - 51*y - 244. What are the prime factors of s(61)?
2, 61
Let w = 48910 - 1367. List the prime factors of w.
47543
Let m(y) be the second derivative of 12*y + 0 + 11/2*y**2 + 1/3*y**3. List the prime factors of m(7).
5
Suppose -p - f = -8961, 19*f + 17922 = 2*p + 18*f. List the prime factors of p.
3, 29, 103
What are the prime factors of 1506 - (-2*(-378)/(-120) - 6/(-20))?
2, 3, 7
What are the prime factors of (150/(-525))/((1 - 1064988/(-532497)) + -3)?
25357
Let w(g) = 23*g + 155. Suppose 30 = 7*t - 82. What are the prime factors of w(t)?
523
Let c(l) = -196*l**3 + 3*l**2 + 6*l + 14. Let g be c(-3). Suppose 3*s - 2*v = 3092, 0 = -5*s - 2*v + g - 167. List the prime factors of s.
2, 5, 103
Let v(p) = -p**2 + 219*p - 299. List the prime factors of v(55).
3, 17, 19
Let z be -239*2/4 + (-6)/(-12). Let o = z - -72. Let y = 174 + o. List the prime factors of y.
127
Suppose 0*f = f - 26. Let g(d) = d**2 - 28*d - 25. Let z be g(f). Let n = -32 - z. What are the prime factors of n?
3, 5
List the prime factors of (-9)/((-63)/(-49)) - -6027.
2, 5, 7, 43
Suppose 163189 = -5*l + 18*l. Suppose -10*y + l = 3413. List the prime factors of y.
2, 457
Let f = 5329 - 491. What are the prime factors of f?
2, 41, 59
List the prime factors of 203720/20 - (7 - -2).
10177
Suppose 3*t - 2*l - l - 60 = 0, t = 2*l + 20. Let i be 2708/t - 12/(-20). Let s = i - 74. List the prime factors of s.
2, 31
Let w(z) = -z**3 + 11*z**2 - 41*z + 710. What are the prime factors of w(-34)?
2, 7, 1933
Suppose 12 = 4*q + 4*r - 0, -3*q = -5*r - 1. Suppose -q*c + 77876 = 2*f - 5*f, 4*f + 103848 = -4*c. What are the prime factors of f/(-136) + 4/34?
191
Let o(u) = 567*u**2 - 119*u + 284. List the prime factors of o(11).
2, 33791
Suppose -4 = -9*b + 8*b. Suppose 2058 = b*m + 78. Suppose -8*g + 3*g + m = 0. List the prime factors of g.
3, 11
Let x = -9 + 16. Suppose -c + 2*c - x = 0. Let q = 31 + c. List the prime factors of q.
2, 19
Let i(a) = -140*a**2 - 5 + 139*a**2 + 6*a + 32. Let l be i(8). Let d = l + -2. List the prime factors of d.
3
Let b(a) = 1084*a**3 + 5*a**2 - 21*a + 29. List the prime factors of b(2).
3, 11, 263
List the prime factors of (-55 - 8)*(-35190)/105.
2, 3, 17, 23
Let m(h) = h - 3. Let w = -22 + 22. Let j be m(w). List the prime factors of -3 - (j*7 + 2).
2
Let j = -2270 + 3437. List the prime factors of -10 + 36/3 + 0 + j.
7, 167
Let b = -118 - -120. Suppose -3*a = -b*n + 519, -2*n + 2*a - 71 = -591. What are the prime factors of n?
3, 29
Suppose 530508 = 17*a + 51199 + 63251. List the prime factors of a.
2, 3, 4079
Let f(i) be the third derivative of 5*i**4/12 - 25*i**3/6 - 4*i**2. Let k be (1 + 39/15)/((-6)/(-20)). What are the prime factors of f(k)?
5, 19
Let v(u) = 30*u**2 - 120*u - 3120. List the prime factors of v(-38).
2, 3, 5, 373
Let v = -31 - -16. Let m(k) be the third derivative of -5*k**4/24 + k**3 + k**2 + 4. What are the prime factors of m(v)?
3
Let a(z) be the second derivative of z**4/3 - z**3/2 + 11*z**2/2 + 16*z. List the prime factors of a(-7).
2, 3, 19
Let p = 8946 - -11546. List the prime factors of p.
2, 47, 109
Suppose 4*r + 472 + 624 = -4*j, -5*r + 4*j - 1361 = 0. Let f = r - -339. What are the prime factors of f?
2, 3, 11
Let q = -72 + 78. Let i be q - 4 - 34*-1. Let o = i + 3. List the prime factors of o.
3, 13
Suppose -3*u + 75 = 5*l, 3*u + 21 = 5*l - 24. What are the prime factors of -2*2*(455/(-10) + l)?
2, 67
Suppose 5*r - 3*r + 132 = -i, 4*i = 2*r - 488. What are the prime factors of (33/6)/(i/(-40) - 3)?
5, 11
Suppose -135*s + 132*s = -69. Let z(a) = a**2 - 4*a + 14. List the prime factors of z(s).
11, 41
List the prime factors of (13128 - 0/3) + 39 + -40.
13127
Suppose 21 = -5*b - 4*a, b + a - 6*a = 19. Let z be (120/(-150))/(1*b/90). Let x = z + -32. List the prime factors of x.
2, 5
Let q = -997 - -401. Let p = 254 - q. List the prime factors of p.
2, 5, 17
Let k = 10734 - 5322. What are the prime factors of k?
2, 3, 11, 41
Suppose 0 = 2*m - 31*u + 27*u - 194, 0 = -4*m - u + 406. List the prime factors of m.
101
Let w = 5486 - -4291. List the prime factors of w.
3, 3259
Let y = -17 - -17. Suppose 3*a + 2*s - 22 = -y*a, 5*a - 4*s - 22 = 0. Suppose -422 = -a*w + 820. What are the prime factors of w?
3, 23
Suppose -1958*h + 1764*h = -7716156. What are the prime factors of h?
2, 3, 7, 947
Suppose 9*p = p + 32. Suppose p*j + 1131 + 397 = 0. Let r = -235 - j. What are the prime factors of r?
3, 7
Suppose -6*q = 65 + 175. What are the prime factors of (-252)/(-3)*(-30)/q?
3, 7
Suppose 3*j - 5 + 2 = 0. Let